 greatest common divisor of 78 and h?
26
Let v(t) = t**3 + 13*t**2 - 39. Let o be v(-12). Calculate the greatest common factor of 1755 and o.
15
Suppose -33 = -3*x - 3*b + 42, 20 = -4*b. Let n be (0 + -5 - 31)*x/(-24). Calculate the greatest common factor of 45 and n.
45
Let j(u) = -u**3 + 20*u**2 - 2*u + 19. Let s be j(21). Let x = s - -508. What is the highest common factor of 11 and x?
11
Let o(d) = 4*d**3 + 14*d**2 + 7*d + 1. Let s be o(-6). Let x = 419 + s. Calculate the greatest common factor of 54 and x.
18
Let g(v) = 12*v**2 - 3*v + 3. Suppose 4*m = -3*u - 25, -14 + 1 = 3*u + m. Let k be g(u). Let o = 2198 + -2183. What is the highest common factor of o and k?
15
Suppose -14*q = -32*q - 45*q + 1015875. Calculate the greatest common factor of 516 and q.
129
Suppose -168 = -5*p - 4*j + 1291, 4*p - 1162 = 2*j. Let v = p + -214. What is the greatest common factor of 63 and v?
7
Let q be (65/((-1625)/30))/(3/(-5))*3. What is the greatest common divisor of q and 42180?
6
Suppose 20*w - 7*m = 19*w + 199, -2*m - 189 = -w. What is the greatest common factor of w and 20?
5
Let s(f) = 2*f**2 + 16*f - 13. Let n be s(-13). Let j = n - 103. Calculate the highest common factor of 63 and j.
7
Let x(m) = m + 108. Let k be x(0). Let v(i) = -348 - 49*i + 57 - 28 - 90. Let f be v(-10). Calculate the greatest common factor of k and f.
27
Let w be ((-690)/(-161))/(2/28) - 10/2. What is the greatest common divisor of w and 737?
11
Suppose 0 = -15*u + 19*u - 12. Suppose -9*s + 10*s + u*a - 25 = 0, a + 45 = 3*s. What is the greatest common divisor of s and 72?
8
Let f(t) = -36 - 10*t - t**2 - 10*t + 15 - 15. Let v be f(-18). Suppose v*b - 10*b + 1480 = 0. What is the highest common factor of b and 37?
37
Let z = -5214 - -5651. Calculate the highest common factor of 207 and z.
23
Suppose -3*c - 5*p = -76, 3*p + 0 = c - 16. Let m = c + -41. Let h = 39 + m. What is the greatest common factor of h and 180?
20
Let m(y) = 76*y**2 + 57*y - 181. Let u be m(8). Calculate the highest common factor of 9 and u.
9
Suppose -1303 = 112*z - 7757 - 42154. Calculate the highest common factor of 6200 and z.
62
Let s be (-1)/(-9)*-25 + 2/(-9). Let m be (-17)/2 - (-1)/2. Let l be (m - 3)*-1 - s. Calculate the greatest common factor of l and 154.
14
Let r(n) = -3*n**2 + 76*n + 146. Let j be r(27). What is the highest common factor of 43373 and j?
11
Suppose -79*y + 4195 - 559 = 22*y. Calculate the highest common factor of y and 87.
3
Let k = -135 + 340. Let u = -194 + k. Let m(o) = -o**2 - 11*o + 3. Let s be m(-5). What is the highest common factor of u and s?
11
Suppose 0 = -5*s + 7 + 3, -3*n + 112 = 2*s. Let a be (9/21 + n/14)*27. Calculate the highest common factor of a and 189.
27
Let h(p) = p + 5. Let b be h(-3). Let j = -230 + 233. Suppose j*l = 7*l - 8. Calculate the highest common factor of l and b.
2
Suppose 0 = -5*l + 62 + 38. Suppose -7065 = -l*i + 415. What is the highest common divisor of 22 and i?
22
Let s be 8*((-15)/(-4))/5. Let o be -24 + 28 + 8*s. Calculate the highest common factor of o and 4.
4
Suppose 11*l = 16*l - 940. Suppose 7*d = l + 22. Suppose 10*v = 7*v + d. What is the greatest common factor of 2 and v?
2
Let k = -20 + 41. Let g be (-9)/(-18)*(-1261 + (-12)/4). Let z = 635 + g. Calculate the highest common divisor of k and z.
3
Let a be -4*(-4)/72 - 3650/(-18). Let t = -175 + a. What is the greatest common divisor of 812 and t?
28
Let x(a) = 2*a**2 + 3*a + 1. Let i be x(-1). Suppose 241*q - 235*q - 780 = i. Calculate the greatest common factor of q and 104.
26
Suppose g - 19831 = -7*f, f - 2*g = -2*f + 8482. Calculate the highest common divisor of f and 24.
24
Let q = 102 - 100. Let n be 1800/48*6*q/10. Calculate the greatest common divisor of n and 405.
45
Let o(s) = -s**3 + 3*s**2 + 7*s - 9. Let c be o(4). Let a = 19 + c. Let d = 63 - a. Calculate the greatest common factor of d and 328.
41
Suppose -3*n + m + 62 = 2*n, 5*n = 3*m + 66. Let p be (35/21 + -3)*(-558)/n. What is the highest common divisor of 2 and p?
2
Let d be (-360 + 5)*6/(-2 - 4). Calculate the greatest common factor of 2 and d.
1
Let j(y) = -16*y - 30. Let x be j(-5). Suppose 0 = 4*h - x + 302. Let p = -3 - h. What is the highest common factor of p and 15?
15
Suppose 62*x = 419*x - 473382. What is the highest common divisor of x and 714?
102
Let d be (-140)/10 + 25 - -1114. What is the greatest common divisor of 250 and d?
125
Let h(d) = d**3 - 23*d**2 - 27*d + 89. Let n be h(24). Let p(c) = -7*c + 164. Let z be p(n). What is the greatest common factor of z and 405?
45
Suppose 28*q - 45 = 25*q. Let r be 39/(-26)*(-5)/(q/22). What is the highest common divisor of 209 and r?
11
Let q = 12962 - 12947. Let f be 14 + (-1 - -2) + -3. What is the greatest common factor of q and f?
3
Suppose 50*c = -4*c + 208926. What is the highest common factor of 159 and c?
53
Let a(t) = -30*t + 1150. Let h be a(38). Calculate the greatest common divisor of 1530 and h.
10
Let v(z) = -z**3 + 12*z**2 + 37*z + 175. Let m be v(15). Let w be ((-27)/3)/(1/(-55)). Calculate the highest common divisor of m and w.
55
Let p be -42*((-12)/(-8) - 2). Let w = 18 - p. Let g be 1832/12 - 1/w. Calculate the highest common factor of g and 17.
17
Suppose 179*v + 2729 - 22402 = -2668. What is the greatest common factor of v and 4864?
19
Let k = 530 - 525. Suppose 9*p = k*p - h + 133, -123 = -4*p + h. What is the greatest common factor of p and 400?
16
Let b be 3*1 - (0 + -8). Suppose -8*i = 181 + 163. Let j be (-2 + 0 - -1)*-1 - i. What is the greatest common divisor of j and b?
11
Let n(v) = -58*v + 1475. Let z be n(25). Calculate the highest common factor of z and 3275.
25
Let s(u) = u**3 + 56*u**2 - 895*u - 9. Let y be s(13). What is the greatest common divisor of 35513 and y?
17
Suppose -3*v + 423 = 4*h - 427, -2*v = -7*h - 586. Let f(s) = -s**2 - 12*s - 12. Let p be f(-9). Let q = 41 - p. What is the greatest common factor of q and v?
26
Let v = -8557 + 8678. What is the highest common divisor of v and 88?
11
Suppose -26 = -3*c + c. Suppose 3*r + 1 = c. Suppose -4*s - 38 = -b, -r*s = 21 - 5. Calculate the highest common divisor of 11 and b.
11
Suppose 532*t = 649*t - 7371. Calculate the highest common factor of t and 3045.
21
Suppose -2*x = 4*z - 122, -4*x = -8*x - 12. Let f be 3 - 0 - z/(-2). What is the greatest common divisor of f and 247?
19
Let f(z) = -7*z**3 + z**2 - 2*z + 6. Suppose 42 - 38 = 2*m. Let u be f(m). Let i = -45 - u. What is the highest common factor of i and 5?
5
Suppose 485 = -2*c - 3*b, -5*c + b - 1187 = -0*b. Let z = 382 + c. Suppose 6*x + z = 7*x. Calculate the greatest common divisor of x and 18.
18
Let k be (-26714)/(-8) + (9 - 28)/76. What is the highest common divisor of 63 and k?
63
Let x be ((-1568)/(-21))/((-2)/(-3)). Suppose 234 - 42 = 6*p. Calculate the greatest common divisor of x and p.
16
Let l(r) = -13*r**3 - 257*r**2 + 33*r + 110. Let g be l(-20). What is the greatest common divisor of g and 50?
50
Let i(f) = -101 + 51 + 63 - f. Let w be i(11). Let u be w + -1 - (-374)/11. What is the highest common divisor of 5 and u?
5
Let d be 4 - 0 - (-13 + 8). Suppose 0 = -10*w + d*w + 84. Let p = w - 81. Calculate the highest common divisor of 15 and p.
3
Suppose -459 = 10*j + 1291. Let b be 100/j - (-1894)/7. Calculate the greatest common factor of 30 and b.
30
Let o(g) = -3*g**2 - 80*g - 353. Let q be o(-17). Suppose -4*r + 6*r = 70. Calculate the greatest common divisor of r and q.
35
Let a(w) = 2889*w**2 - 8. Let y be a(1). Calculate the highest common divisor of y and 201.
67
Let r(o) = 4*o - 5. Let l be r(5). Let x be 80/12*(-6 + (43 - 10)). Calculate the greatest common factor of x and l.
15
Let o be (86/(-602))/(2/8) - (-592)/7. What is the highest common divisor of o and 1452?
12
Let s(i) = -i**2 - 227*i + 934. Let c be s(4). Calculate the greatest common factor of 230 and c.
10
Suppose 94*r + 4815 = 110*r - 4305. Calculate the greatest common divisor of r and 120.
30
Suppose -25 + 29 = z. Suppose 3*r - h = 4*h + 223, 0 = -r - z*h + 46. What is the highest common divisor of 429 and r?
33
Suppose -8*u - 267 + 675 = 0. Suppose 279*m = 276*m + u. Calculate the greatest common divisor of 153 and m.
17
Suppose -8*d = 4*d - 48. Suppose 2 = 4*n - d*g - 186, -n = -4*g - 44. Calculate the 